sands digit of 120827?
2
What is the hundreds digit of 2146401?
4
What is the hundreds digit of 7881525?
5
What is the ten thousands digit of 1336600?
3
What is the hundreds digit of 28590?
5
What is the units digit of 1990946?
6
What is the tens digit of 7212458?
5
What is the hundred thousands digit of 412318?
4
What is the thousands digit of 793363?
3
What is the hundred thousands digit of 2823823?
8
What is the tens digit of 8866719?
1
What is the tens digit of 2628353?
5
What is the ten thousands digit of 724537?
2
What is the hundreds digit of 824705?
7
What is the hundred thousands digit of 16326332?
3
What is the units digit of 68591?
1
What is the hundreds digit of 1837761?
7
What is the tens digit of 61494?
9
What is the units digit of 425517?
7
What is the units digit of 2230968?
8
What is the units digit of 82046?
6
What is the hundreds digit of 611630?
6
What is the ten thousands digit of 516092?
1
What is the thousands digit of 766168?
6
What is the units digit of 2275026?
6
What is the thousands digit of 3743495?
3
What is the hundreds digit of 69024?
0
What is the tens digit of 5470227?
2
What is the tens digit of 4012428?
2
What is the tens digit of 298144?
4
What is the ten thousands digit of 19478817?
7
What is the tens digit of 66851?
5
What is the tens digit of 4149563?
6
What is the hundred thousands digit of 519665?
5
What is the millions digit of 1020417?
1
What is the ten thousands digit of 870717?
7
What is the hundred thousands digit of 1733641?
7
What is the ten thousands digit of 335011?
3
What is the hundred thousands digit of 111829?
1
What is the units digit of 11187?
7
What is the thousands digit of 853040?
3
What is the hundred thousands digit of 10369073?
3
What is the thousands digit of 1615819?
5
What is the hundred thousands digit of 1382813?
3
What is the ten thousands digit of 206626?
0
What is the hundred thousands digit of 1013031?
0
What is the hundreds digit of 21497891?
8
What is the hundred thousands digit of 939426?
9
What is the tens digit of 265782?
8
What is the units digit of 1096301?
1
What is the thousands digit of 104376?
4
What is the hundred thousands digit of 5165466?
1
What is the thousands digit of 15047?
5
What is the hundreds digit of 13498588?
5
What is the hundreds digit of 5994487?
4
What is the millions digit of 2892369?
2
What is the hundred thousands digit of 2193447?
1
What is the units digit of 366768?
8
What is the hundred thousands digit of 2304687?
3
What is the hundreds digit of 409558?
5
What is the units digit of 76377?
7
What is the thousands digit of 1768025?
8
What is the ten thousands digit of 22879?
2
What is the tens digit of 2745792?
9
What is the thousands digit of 44955?
4
What is the hundred thousands digit of 177086?
1
What is the hundred thousands digit of 190327?
1
What is the hundred thousands digit of 228425?
2
What is the ten thousands digit of 423265?
2
What is the ten thousands digit of 146216?
4
What is the tens digit of 922100?
0
What is the units digit of 11594315?
5
What is the millions digit of 5661550?
5
What is the thousands digit of 4795243?
5
What is the hundred thousands digit of 245728?
2
What is the units digit of 176588?
8
What is the thousands digit of 9177084?
7
What is the hundreds digit of 651290?
2
What is the units digit of 3428912?
2
What is the hundred thousands digit of 3284504?
2
What is the hundreds digit of 309039?
0
What is the hundred thousands digit of 8419073?
4
What is the tens digit of 5441533?
3
What is the hundreds digit of 86612?
6
What is the tens digit of 65726?
2
What is the units digit of 883365?
5
What is the thousands digit of 820022?
0
What is the thousands digit of 708512?
8
What is the thousands digit of 252763?
2
What is the thousands digit of 7718338?
8
What is the hundreds digit of 1588825?
8
What is the ten thousands digit of 280754?
8
What is the hundred thousands digit of 19421509?
4
What is the units digit of 21609612?
2
What is the units digit of 2220959?
9
What is the ten thousands digit of 147214?
4
What is the tens digit of 260506?
0
What is the ten thousands digit of 3947982?
4
What is the hundred thousands digit of 2259948?
2
What is the units digit of 204364?
4
What is the ten thousands digit of 1950300?
5
What is the units digit of 249446?
6
What is the millions digit of 1232580?
1
What is the hundred thousands digit of 29244709?
2
What is the units digit of 1111624?
4
What is the thousands digit of 16872576?
2
What is the thousands digit of 926731?
6
What is the tens digit of 6770796?
9
What is the tens digit of 161071?
7
What is the units digit of 193282?
2
What is the ten thousands digit of 211208?
1
What is the tens digit of 787129?
2
What is the tens digit of 14263230?
3
What is the tens digit of 1057182?
8
What is the hundreds digit of 1913897?
8
What is the thousands digit of 236073?
6
What is the thousands digit of 1760722?
0
What is the hundreds digit of 1192016?
0
What is the hundred thousands digit of 1100514?
1
What is the thousands digit of 489048?
9
What is the hundred thousands digit of 136091?
1
What is the thousands digit of 13170192?
0
What is the units digit of 40939081?
1
What is the ten thousands digit of 18428305?
2
What is the ten thousands digit of 479889?
7
What is the hundred thousands digit of 435531?
4
What is the ten thousands digit of 491789?
9
What is the hundreds digit of 237855?
8
What is the millions digit of 2954336?
2
What is the ten millions digit of 20038162?
2
What is the ten thousands digit of 348301?
4
What is the ten thousands digit of 8395293?
9
What is the tens digit of 89203?
0
What is the units digit of 4950386?
6
What is the hundred thousands digit of 2534667?
5
What is the units digit of 423156?
6
What is the hundred thousands digit of 655785?
6
What is the hundred thousands digit of 565087?
5
What is the ten millions digit of 18794791?
1
What is the millions digit of 2437161?
2
What is the hundreds digit of 3501953?
9
What is the hundred thousands digit of 679607?
6
What is the ten thousands digit of 340525?
4
What is the tens digit of 93977?
7
What is the hundreds digit of 562518?
5
What is the ten thousands digit of 9162648?
6
What is the ten thousands digit of 12213865?
1
What is the ten thousands digit of 2423769?
2
What is the tens digit of 347229?
2
What is the millions digit of 4726499?
4
What is the ten thousands digit of 417347?
1
What is the hundred thousands digit of 285511?
2
What is the ten thousands digit of 30340473?
4
What is the millions digit of 8525977?
8
What is the units digit of 369710?
0
What is the millions digit of 5110504?
5
What is the ten thousands digit of 212413?
1
What is the thousands digit of 87451?
7
What is the tens digit of 1686126?
2
What is the hundred thousands digit of 413850?
4
What is the ten thousands digit of 715372?
1
What is the hundred thousands digit of 5111672?
1
What is the units digit of 4462067?
7
What is the hundreds digit of 7248039?
0
What is the ten thousands digit of 221758?
2
What is the ten thousands digit of 159294?
5
What is the ten thousands digit of 292345?
9
What is the hundreds digit of 68177?
1
What is the units digit of 138504?
4
What is the tens digit of 809640?
4
What is the hundreds digit of 22607572?
5
What is the ten millions digit of 14153674?
1
What is the millions digit of 3515208?
3
What is the units digit of 4550802?
2
What is the ten thousands digit of 394553?
9
What is the units digit of 617338?
8
What is the hundred thousands digit of 1722392?
7
What is the thousands digit of 3399133?
9
What is the hundred thousands digit of 4421267?
4
What is the hundred thousands digit of 22514732?
5
What is the hundreds digit of 1341606?
6
What is the tens digit of 10355206?
0
What is the tens digit of 3367846?
4
What is the thousands digit of 396883?
6
What is the hundred thousands digit of 1128547?
1
What is the millions digit of 1883348?
1
What is the thousands digit of 17015828?
5
What is the thousands digit of 3086181?
6
What is the ten thousands digit of 14977?
1
What is the thousands digit of 5280222?
0
What is the tens digit of 67045?
4
What is the thousands digit of 150794?
0
What is the tens digit of 25619297?
9
What is the ten thousands digit of 173370?
7
What is the